t common factor of 22349220 and 9180?
1020
What is the greatest common divisor of 30898 and 89657168?
4414
Calculate the highest common divisor of 2124 and 2591772.
12
What is the highest common divisor of 2351146 and 2233?
203
Calculate the greatest common divisor of 21947 and 75473151.
1291
Calculate the greatest common factor of 249 and 5782195.
83
What is the highest common divisor of 354 and 73164366?
354
What is the highest common factor of 222 and 337260513?
111
Calculate the greatest common factor of 118 and 2136272.
118
Calculate the highest common factor of 135663010 and 28.
14
Calculate the greatest common factor of 352 and 28977146.
22
What is the greatest common factor of 312130 and 1316?
14
Calculate the greatest common factor of 15024924 and 114838.
1714
What is the highest common factor of 4602 and 893025003?
2301
Calculate the greatest common divisor of 208521 and 12231.
27
What is the highest common factor of 19104 and 38489784?
4776
Calculate the greatest common divisor of 14593425 and 28519.
361
What is the highest common divisor of 134819 and 12586?
31
What is the highest common divisor of 1960140 and 1172535?
1365
What is the highest common factor of 51914486 and 91?
13
What is the greatest common divisor of 1068 and 21004?
356
Calculate the greatest common divisor of 174993 and 1365.
273
What is the highest common factor of 44 and 6763889?
11
What is the highest common divisor of 1284 and 31344366?
642
What is the highest common factor of 22906 and 12064?
26
What is the greatest common divisor of 10848 and 73595544?
2712
What is the highest common factor of 119 and 653879653?
119
Calculate the highest common factor of 136175166 and 1814.
1814
What is the greatest common divisor of 263102592 and 384?
384
Calculate the greatest common divisor of 10834364 and 68392.
412
What is the highest common factor of 117 and 10960872?
39
Calculate the highest common factor of 2430 and 111477690.
90
Calculate the greatest common divisor of 10432 and 1490294656.
10432
Calculate the greatest common factor of 49165963 and 1078.
539
What is the highest common factor of 68420 and 4640240?
220
Calculate the greatest common factor of 1337643112 and 104.
104
Calculate the highest common divisor of 1116 and 39514491.
279
What is the greatest common divisor of 1530 and 229140?
90
What is the greatest common factor of 827911 and 21?
7
Calculate the highest common divisor of 32 and 1700659968.
32
What is the highest common factor of 901024 and 204832?
1184
Calculate the greatest common divisor of 138064 and 1096.
8
Calculate the highest common divisor of 2436 and 4399752.
84
What is the highest common divisor of 1599 and 18851144?
533
Calculate the highest common divisor of 67063275 and 219.
219
Calculate the highest common factor of 300 and 35941380.
60
What is the highest common divisor of 808 and 1802147444?
404
What is the greatest common factor of 6 and 66499824?
6
What is the highest common divisor of 288451021 and 137464?
17183
Calculate the greatest common divisor of 66240 and 486450.
2070
What is the highest common divisor of 119320740 and 8316?
2772
Calculate the greatest common divisor of 36 and 15594948.
36
What is the greatest common factor of 46971998 and 1662?
554
What is the greatest common factor of 289774 and 6?
2
What is the highest common divisor of 153410 and 5271968?
1334
Calculate the greatest common factor of 413624 and 14602.
298
What is the greatest common factor of 152693 and 23038888?
3551
What is the highest common factor of 37748229 and 1746?
291
What is the greatest common divisor of 23445386 and 4136?
94
What is the greatest common divisor of 85896 and 975874?
2386
Calculate the highest common factor of 8166 and 50760.
6
Calculate the greatest common divisor of 291200 and 1579552.
416
Calculate the highest common divisor of 1368 and 1474584.
24
Calculate the highest common factor of 17892 and 35540316.
252
What is the highest common factor of 31513477 and 1499?
1499
Calculate the highest common factor of 14244501 and 7530.
753
What is the highest common divisor of 5694 and 222144?
78
Calculate the greatest common divisor of 816 and 13311.
51
Calculate the greatest common divisor of 54915 and 8295.
105
What is the greatest common factor of 3506105075 and 10285?
10285
What is the highest common factor of 4068 and 15524505?
1017
What is the highest common factor of 210325 and 14141?
179
Calculate the highest common factor of 3381391 and 263.
263
What is the highest common factor of 200423140 and 80?
20
Calculate the highest common divisor of 149566 and 1588786.
2822
What is the greatest common factor of 3900708 and 244881?
1449
What is the greatest common factor of 6892 and 15384667?
1723
Calculate the greatest common divisor of 6153997 and 19741.
1039
What is the greatest common factor of 2 and 18239602?
2
What is the highest common divisor of 9 and 1401840981?
9
Calculate the highest common factor of 106140 and 7290049.
1769
What is the greatest common divisor of 1012 and 388378?
46
Calculate the greatest common divisor of 16 and 1010100984.
8
Calculate the highest common factor of 1911016 and 136.
8
What is the greatest common divisor of 7968 and 4106757?
249
What is the highest common divisor of 242478036 and 16524?
972
Calculate the greatest common factor of 391 and 6553160.
391
Calculate the greatest common factor of 401812990 and 2070.
230
What is the highest common factor of 4978380 and 26961?
627
Calculate the highest common divisor of 491896 and 24.
8
What is the highest common divisor of 689 and 258569987?
689
Calculate the greatest common factor of 1112 and 8182.
2
Calculate the highest common factor of 1102 and 1150778.
58
What is the highest common factor of 1006323 and 6?
3
Calculate the greatest common factor of 1698551 and 531.
59
What is the highest common factor of 81 and 1540035?
9
What is the greatest common divisor of 10 and 261785120?
10
What is the highest common divisor of 62538970 and 11973?
3991
Calculate the greatest common factor of 567219 and 1207.
71
What is the highest common factor of 131033745 and 8487?
369
What is the greatest common divisor of 3 and 31442451?
3
Calculate the greatest common divisor of 139575876 and 12.
12
Calculate the highest common factor of 7931 and 15962837.
1133
Calculate the highest common divisor of 2896 and 36844903.
181
Calculate the highest common divisor of 17149180 and 200.
20
Calculate the greatest common divisor of 1665898 and 510.
34
What is the highest common divisor of 25993689 and 354?
177
Calculate the highest common factor of 3692230 and 17.
17
Calculate the highest common divisor of 530 and 35890805.
265
Calculate the greatest common factor of 7371315 and 26460.
2205
What is the greatest common factor of 18944 and 15118496?
1184
Calculate the highest common factor of 22388 and 74936.
116
Calculate the greatest common factor of 329656 and 18983.
463
What is the greatest common factor of 256 and 71741712?
16
What is the greatest common factor of 42 and 9522842?
14
What is the greatest common divisor of 1999693 and 5576?
697
What is the greatest common factor of 68 and 283160687?
17
What is the highest common factor of 28992518 and 1102?
1102
What is the greatest common divisor of 80416 and 11522?
14
What is the highest common divisor of 60698 and 330724?
178
What is the greatest common factor of 65093464 and 64?
8
Calculate the highest common factor of 4904270 and 280.
70
What is the greatest common divisor of 5151 and 1216248?
51
What is the highest common divisor of 93517 and 374153?
17
Calculate the highest common factor of 11140 and 14868558.
1114
Calculate the highest common divisor of 486410 and 5702870.
3830
Calculate the highest common factor of 1935 and 7627383.
387
What is the greatest common factor of 2252286410 and 2915?
2915
Calculate the highest common divisor of 2745 and 319350.
15
Calculate the greatest common divisor of 29864 and 350461506.
7466
Calculate the greatest common factor of 118548 and 654684.
1068
What is the greatest common factor of 120 and 1417359360?
120
What is the highest common divisor of 135 and 60066765?
135
What is the highest common factor of 31313501 and 2166?
361
What is the highest common factor of 174